v**2 + 8*v - 8. Let j(w) = s*y(w) - 5*k(w). Calculate j(i).
4
Let w(z) = -z - 3. Let k(l) = l + 4. Let f(r) = -1. Let h(c) = -2*f(c) - k(c). Let a(x) = 3*h(x) - 2*w(x). Determine a(6).
-6
Let a = -5 - -12. Suppose 5 = v - a. Suppose 4*s - 3*f = -s + v, 4*s - 4 = f. Let i(k) = -k**3 - k**2 + 9. Determine i(s).
9
Let b be (-44)/(-16) - 4/(-16). Let x(w) be the third derivative of 0 - 1/12*w**4 + 2*w**2 - 1/2*w**b - 1/15*w**5 + 0*w - 1/120*w**6. Calculate x(-3).
-6
Suppose 6*l = l + 35. Let b = l - 4. Let u(v) = -v + 1. Give u(b).
-2
Let k(o) = -o. Let v = -145 + 148. Calculate k(v).
-3
Let x be 2 - 1*(3 - 5). Let j = -11 + 15. Let o(y) = -y - 2*y**3 + j*y**2 + y**3 - 1 + 0*y. What is o(x)?
-5
Let f(y) = -5*y**2 + y + 1. Let m(z) = 2 + 7*z**2 - 2*z**2 + z**2 - 4. Let d(r) = -3*f(r) - 2*m(r). Calculate d(2).
7
Let k(q) = -3*q**2 + 9*q + 1. Let g(d) = -d**2 + d. Let v(j) = 4*g(j) - k(j). Determine v(-7).
-15
Let f(g) = -g**2 + 7*g + 9. Let y(o) = o**2 + 7*o - 11. Let w be y(-9). Determine f(w).
9
Let p(n) = 2*n**2 - 2*n - 1. Let z(a) = -a**2 + a + 1. Let j(l) = -2*p(l) - 3*z(l). Determine j(2).
-3
Suppose -4*j + 0*j + 58 = 3*d, 2*d = 2*j - 22. Suppose 9*y + 8 = j*y. Let x(z) = -z**3 + 3*z**2 - 2*z + 2. Determine x(y).
2
Suppose 5*t + 5 = 0, 3*y - 19 = 2*t - t. Let v = y + -4. Let f(h) = 2*h**2 + 2 - 3*h**3 + 2*h**v + 4*h**3 + h. Give f(-4).
-2
Let j be 1 - -5 - (-5 + 6). Suppose -5*m - 2*t + 20 = 0, 5*m + 3*t - 13 = 12. Let n(r) = 3 + j*r + r**m - 6*r - 6*r. Give n(5).
-7
Let t = 5 + -10. Let i be (4/5)/((-2)/t). Let k(f) = 2*f - 8 - 1 + f**i + 3. Give k(-5).
9
Let x(w) = -2*w - 1. Let o be 2 + (-2 - (0 + -3)). Let n be 3 + -3 + 0 + o. Determine x(n).
-7
Let t(y) = y - 14. Let s be 1/3 - 3/9. Determine t(s).
-14
Let t(g) = g**3 + 2*g**2 + 2*g. Let p(u) = -9*u + 52. Let x be p(6). Give t(x).
-4
Let s(t) = t**3 - t**2 - t - 3. Let l(h) = -6*h**3 - 12 + 19 + 4*h**2 + 9 + 4*h. Let n(g) = -2*l(g) - 11*s(g). Determine n(-2).
-1
Let x(u) = -3*u**3 + 23*u**2 + 21*u - 20. Let y(z) = -2*z**3 + 15*z**2 + 14*z - 13. Let o(w) = 5*x(w) - 8*y(w). Calculate o(6).
-2
Let t(i) = i - 6. Let z be t(6). Let h(l) = -l + 2. Let u be h(z). Let r(b) = -b**2 - b + 2. Calculate r(u).
-4
Let t(l) be the first derivative of -l**4/24 - 4*l**3/3 + 3*l**2/2 + 7. Let v(r) be the second derivative of t(r). Determine v(-5).
-3
Let j = 7 + -4. Let r(v) = -11*v + 9*v + 4*v**2 + 3*v**3 - 4*v**3. Calculate r(j).
3
Let c(m) be the second derivative of -m**5/120 - m**4/8 - m**3/3 + m. Let v(p) be the second derivative of c(p). Give v(3).
-6
Let t(r) = r + 1. Let p(h) = 4*h + 5. Let s(o) = 2*p(o) - 6*t(o). Calculate s(-5).
-6
Suppose 0 = -2*y + 5*c + 7 - 37, y + c = -1. Let l = y + 8. Let m = -3 + l. Let d(v) = -v - 2. Determine d(m).
-2
Let i(v) = -4*v**2 - 7*v + 5. Let p(b) = 6*b**2 + 11*b - 8. Let c(m) = -8*i(m) - 5*p(m). Give c(2).
10
Let g(b) = -b**3 + 8*b**2 - 12*b - 13. Let u(z) = 2*z**3 - 16*z**2 + 25*z + 27. Let k(p) = 13*g(p) + 6*u(p). Calculate k(7).
0
Let b(j) be the first derivative of -j**3 + 1/2*j**2 + 0*j + 2 + 1/24*j**4. Let o(r) be the second derivative of b(r). What is o(4)?
-2
Let q = -9 - -6. Let z(d) be the first derivative of d**7/840 + d**6/180 - d**5/60 + d**4/24 - d**3/3 + 1. Let g(m) be the third derivative of z(m). Give g(q).
-2
Suppose -4*b + 5*g - 2*g = 3, -7 = b - 2*g. Let x(u) = 0 - u**2 + 4 - 3*u + 6*u. Let a be x(b). Let h(n) = -n**3 + 3*n**2 + 7*n - 6. What is h(a)?
6
Let l(b) be the second derivative of 0 - 1/3*b**3 + 5*b**2 - 3*b. Let c(a) = a - 9. Let g(v) = 3*c(v) + 2*l(v). What is g(-6)?
-1
Let t(f) = f**3 - 6*f**2 + 4*f + 3. Let r be t(5). Let n(v) = 2*v**2 - v + 1. What is n(r)?
11
Let t = 2 + 1. Let p(o) = -4*o + 4. Let w(c) = -5*c + 4. Let j(m) = -4*p(m) + 3*w(m). What is j(t)?
-1
Let j(k) = k**3 - 6*k**2 + 3. Let r be j(6). Let o(n) = 17*n + 7. Let d(g) = -8*g - 3. Let v(w) = -13*d(w) - 6*o(w). What is v(r)?
3
Let u(d) = -d - 7. Let k be u(-16). Let n(l) = -l**3 + 9*l**2 - 5. Determine n(k).
-5
Let f(x) = 2*x**2 - 3. Let l be 6*6/36*(-6)/2. Determine f(l).
15
Let u(y) be the first derivative of y**4/4 - y**3/3 + y**2/2 - y + 28. Give u(0).
-1
Let z be -3 - (3 - (-9)/(-1)). Let h(x) = -x - 8*x + x**z + 9*x. Calculate h(0).
0
Let i(u) be the first derivative of u**4/4 + u**3/3 + 2*u - 207. Let v = 2 - 4. Determine i(v).
-2
Let u(h) = -2*h + 22. Let y be u(9). Let w = 4 + -10. Let d = y + w. Let i(m) = -5*m - 1. Calculate i(d).
9
Let n(o) be the third derivative of -o**5/60 + o**4/8 - 2*o**3/3 - 7*o**2. Give n(3).
-4
Let t(c) be the second derivative of -c**4/12 + 2*c**3/3 + c**2 + 2*c. Suppose -3*h = -h + 22. Let d = h - -16. Determine t(d).
-3
Let r(g) = -3*g - 1. Let h be 1/((-1 + 3)/2). Let s be r(h). Let j(k) = -k**2 - 4*k - 1. What is j(s)?
-1
Let z(g) be the first derivative of -1/45*g**6 - 1 + 1/24*g**4 + 0*g**2 + 0*g - g**3 - 1/60*g**5. Let p(a) be the third derivative of z(a). Give p(1).
-9
Let x = 5 - -5. Suppose 0 = o - 1 - 1. Let f(y) = -1 - y**o + 0 - 1 - 3*y + x*y. What is f(6)?
4
Let w(y) = -10*y**2 - 3*y + 2. Let c(o) = -10*o**2 - 4*o + 3. Let t(g) = 2*c(g) - 3*w(g). Let r = -4 - -3. What is t(r)?
9
Let n(c) = -c**3 - 3*c**2 + 6*c + 4. Let p(l) = 2*l + 20. Let g be p(-12). What is n(g)?
-4
Let v(x) = -2*x**2 + 3*x + 3. Let d(i) = 3*i**2 + 3*i**2 + 10*i**2 - 6*i**2 - 16 - 14*i. Let k(y) = -2*d(y) - 11*v(y). Give k(4).
11
Let s(h) = -2*h - 5. Let y be (10/4)/((-1)/2). Let a(c) = 4*c + 3*c + 6 - 5*c. Let m be a(y). Calculate s(m).
3
Let f(u) = -3*u - 2. Let i be ((-4)/(-6))/(6/45). Suppose 2 = v, 0*v = 2*k - i*v + 14. Determine f(k).
4
Let t(y) = -y. Suppose 5*w = -5*f + 50, 5*f - 1 - 41 = -4*w. What is t(w)?
-8
Suppose 0 = r + 1 - 3. Let p(g) = 3*g + r*g**3 - 7*g**2 - 9 - 2 + 10 + 3*g**2. What is p(2)?
5
Let w(r) = -2*r**2 + r. Let j = -1 - -2. Calculate w(j).
-1
Let v(y) = y**2 - y. Let o(c) be the second derivative of -5*c**3/6 + 3*c. Let b(h) = -o(h) - v(h). Give b(5).
5
Let f be 1 + 2 + -2 + 3. Suppose 2*p - 1 + 5 = -c, -4*p = f*c + 16. Let k(l) = 7*l - 6. Let d(u) = -u. Let y(r) = -6*d(r) - k(r). Give y(p).
6
Let l(w) be the first derivative of w**5/60 + w**3/3 - 2. Let k(s) be the third derivative of l(s). Determine k(-3).
-6
Let x be -2 - 24/(-3 + 0). Let c(g) = -1 + 5*g + 0 - x*g. What is c(-3)?
2
Let a = 38 + -37. Let h(z) be the first derivative of -z**4 - 2*z**3 + 5*z**2 + 6*z + 1. Let t(q) = -q**3 + q + 1. Let f(r) = a*h(r) - 5*t(r). What is f(5)?
1
Let h(c) = -7*c**2 - 2*c + 1. Let q(l) = -3*l - 2. Let t be q(-1). What is h(t)?
-8
Let d(k) = k - 5*k**2 + 7*k**2 + 1 + 0 + k**3. Let o = -13 - -19. Suppose 3*l = -0*l - o. Determine d(l).
-1
Let k(n) = 10*n + 8. Let g(q) = q. Let t(i) = -12*g(i) + k(i). Determine t(6).
-4
Let y(o) = o**3 + 2*o**2 - o. Let r(q) = q**3 + 9*q**2 + 10*q + 14. Let j be r(-8). Give y(j).
2
Let r(k) = -k**3 - 3*k**2 + 5*k + 4. Let p = 20 + -24. Give r(p).
0
Let a(m) = -m**2 - 5*m - 4. Let x be a(-3). Let b = x - 6. Let f(l) = -2*l - l - 6 + 0. What is f(b)?
6
Let y = 23 + -19. Let n(a) = -3*a + 4. Let b(f) = -4*f + 5. Suppose 27 = -4*m + 2*o - 1, 0 = o - 4. Let w(v) = m*b(v) + 6*n(v). Determine w(y).
7
Let j(b) = -4*b**3 + b - 4*b**3 + 1 + 0*b + b**2. Let l = -2 + 5. Suppose 15 = -4*d - l*z + 2, 0 = 5*d - 2*z - 1. Determine j(d).
9
Let v(f) = f**2 + f - 4. Let y be (6 - 3 - 3)/1. Suppose 5*x - 2*x = y. Calculate v(x).
-4
Suppose -3*b + 4 = -4*o, -3 = 4*b + 3*o - 0*o. Suppose b = -j - 0*j. Let i(h) = -h - 5. Give i(j).
-5
Suppose -g - 12 = 2*g. Let h(t) = -t**2 - 2*t + 2. What is h(g)?
-6
Let p(c) = -2*c**2. Suppose 5*q + 0 + 5 = 0. What is p(q)?
-2
Let g(p) = p**2 - 2. Suppose -4*j - 2 = -2*h, -5*h + 23 = -10*h - 4*j. Let c = 4 + -3. Let z = c + h. Determine g(z).
2
Let g(f) = -f**2 + 2*f. Let p(d) = 4*d**2 - 3*d. Let u be p(2). Suppose 5*w - z + 5*z = u, 4*w - 3*z + 23 = 0. Calculate g(w).
-8
Let z be 0 - (-4 + 12/4). Let x be 1/(z/((-6)/(-1))). Let w(o) = -o + 9. Give w(x).
3
Suppose u - 11 = -6. Let n(d) = d**2 - 4*d + 6. Give n(u).
11
Suppose 4*x = 3*x + 2. Suppose -7 = x*m - 19. Let t(c) = c**2 - 6*c + 2. Determine t(m).
2
Let u(q) be the first derivative of -q**4/4 - 2*q**3/3 + q + 3. Let m be (8/10)/((-6)/(-15)). Let h be (m - 10/4)*-2. Determine u(h).
-2
Let w(v) be the second derivati